



{"id":116,"date":"2024-01-25T12:06:20","date_gmt":"2024-01-25T12:06:20","guid":{"rendered":"http:\/\/new.cinefort.hu\/?page_id=116"},"modified":"2024-04-29T16:34:46","modified_gmt":"2024-04-29T15:34:46","slug":"filmfesztivaloknak","status":"publish","type":"page","link":"https:\/\/cinefort.hu\/index.php\/filmfesztivaloknak\/","title":{"rendered":"Filmfesztiv\u00e1loknak"},"content":{"rendered":"\n<p>Egy filmfesztiv\u00e1lt tet\u0151 al\u00e1 hozni mindig kih\u00edv\u00e1s,<br>mind a szervez\u0151k, mint a lebonyol\u00edt\u00f3k r\u00e9sz\u00e9r\u0151l.<\/p>\n\n\n\n<p>Szeretn\u00e9nk figyelm\u00fckbe aj\u00e1nlani c\u00e9g\u00fcnk soksz\u00edn\u0171 szolg\u00e1ltat\u00e1sait, amely a tervez\u00e9st\u0151l a kivitelez\u00e9sig lehet az \u00d6n, \u00e9s a fesztiv\u00e1lban r\u00e9szt vev\u0151 munkat\u00e1rsai seg\u00edts\u00e9g\u00e9re.<\/p>\n\n\n\n<p>T\u00f6bb mint egy \u00e9vtizedes tapasztalattal v\u00e1llaljuk filmfesztiv\u00e1lok:<\/p>\n\n\n\n<ul class=\"wp-block-list\">\n<li>vet\u00edt\u00e9si jogainak beszerz\u00e9s\u00e9t,<\/li>\n\n\n\n<li>a sz\u00fcks\u00e9ges vet\u00edt\u00e9si k\u00f3pi\u00e1k beszerz\u00e9s\u00e9t,<\/li>\n\n\n\n<li>a vet\u00edt\u00e9si anyagok nyelvi lokaliz\u00e1ci\u00f3j\u00e1t,<\/li>\n\n\n\n<li>a k\u00e9sz vet\u00edt\u0151k\u00f3pi\u00e1k eljuttat\u00e1s\u00e1t a fesztiv\u00e1lok helysz\u00edn\u00e9re.<\/li>\n<\/ul>\n\n\n\n<p>Vet\u00edt\u00e9si jogok, licenszek, kulcsok menedzsel\u00e9se, kapcsolattart\u00e1s a k\u00fclf\u00f6ldi forgalmaz\u00f3kkal:<br>Megszerezz\u00fck a filmek vet\u00edt\u00e9si jog\u00e1t a k\u00fclf\u00f6ldi forgalmaz\u00f3t\u00f3l, a megrendel\u0151vel egyeztetve meg\u00e1llapod\u00e1st k\u00f6t\u00fcnk a vet\u00edt\u00e9si jogok d\u00edj\u00e1r\u00f3l \u00e9s a vet\u00edt\u00e9si jogok kond\u00edci\u00f3j\u00e1r\u00f3l.<\/p>\n\n\n\n<p>Vet\u00edt\u00e9si k\u00f3pi\u00e1k beszerz\u00e9se:<br>Megszerezz\u00fck a film vet\u00edt\u00e9si k\u00f3pi\u00e1j\u00e1t, \u00e9s a nyelvi lokaliz\u00e1ci\u00f3hoz sz\u00fcks\u00e9ges seg\u00e9danyagokat (DKDM kulcs, sz\u00f6vegk\u00f6nyvek, megtekint\u0151).<\/p>\n\n\n\n<p>K\u00f3pi\u00e1k nyelvi lokaliz\u00e1ci\u00f3ja:<br>Elismert, professzion\u00e1lis ford\u00edt\u00f3ink seg\u00edts\u00e9g\u00e9vel ig\u00e9nyes ford\u00edt\u00e1sokat k\u00e9sz\u00edt\u00fcnk angol, n\u00e9met, spanyol, katal\u00e1n, francia, nyelvr\u0151l, amelyet \u00fagy szerkeszt\u00fcnk feliratt\u00e1, hogy a sz\u00f6veg \u00e9rthet\u0151s\u00e9ge, \u00e9rtelmezhet\u0151s\u00e9ge marad\u00e9ktalanul \u00e9rv\u00e9nyes\u00fclni tudjon.<br>V\u00e1llaljuk t\u00f6bbszint\u0171, t\u00f6bbnyelv\u0171, t\u00f6bbsz\u00edn\u0171 feliratok elk\u00e9sz\u00edt\u00e9s\u00e9t is. Sz\u00fcks\u00e9g eset\u00e9n szakmai-, \u00e9s anyanyelvi lektor\u00e1l\u00e1st is v\u00e1llalunk.<\/p>\n\n\n\n<p>Speci\u00e1lisan hall\u00e1sk\u00e1rosultaknak k\u00e9sz\u00edtett feliratoz\u00e1sban is nagy tapasztalattal rendelkez\u00fcnk, ezek elk\u00e9sz\u00edt\u00e9s\u00e9hez \u00e9rintett szak\u00e9rt\u0151k k\u00f6zrem\u0171k\u00f6d\u00e9s\u00e9t is ig\u00e9nybe tudjuk venni.<\/p>\n\n\n\n<p>K\u00f3pi\u00e1k e-logisztik\u00e1ja:<br>Saj\u00e1t CineTransfer szolg\u00e1ltat\u00e1sunk mellett t\u00f6bb digit\u00e1lis e-delivery platformmal \u00e1llunk szerz\u0151d\u00e9sben,<br>\u00edgy az elk\u00e9sz\u00fclt fesztiv\u00e1lk\u00f3pi\u00e1t a vet\u00edt\u00e9si helysz\u00edn ig\u00e9nye, \u00e9s felszerelts\u00e9ge szerint kapja k\u00e9szhez.<\/p>\n\n\n\n<p>Ha felkeltett\u00e9k \u00e9rdekl\u0151d\u00e9s\u00e9t szolg\u00e1ltat\u00e1saink, <a href=\"https:\/\/cinefort.hu\/index.php\/kapcsolat\/\" data-type=\"page\" data-id=\"262\">k\u00e9rj\u00fck vegye fel vel\u00fcnk a kapcsolatot!<\/a><\/p>\n\n\n\n<p><\/p>\n\n\n\n<p><\/p>\n","protected":false},"excerpt":{"rendered":"<p>Egy filmfesztiv\u00e1lt tet\u0151 al\u00e1 hozni mindig kih\u00edv\u00e1s,mind a szervez\u0151k, mint a lebonyol\u00edt\u00f3k r\u00e9sz\u00e9r\u0151l. Szeretn\u00e9nk figyelm\u00fckbe aj\u00e1nlani c\u00e9g\u00fcnk soksz\u00edn\u0171 szolg\u00e1ltat\u00e1sait, amely a tervez\u00e9st\u0151l a kivitelez\u00e9sig lehet az \u00d6n, \u00e9s a fesztiv\u00e1lban r\u00e9szt vev\u0151 munkat\u00e1rsai seg\u00edts\u00e9g\u00e9re. T\u00f6bb mint egy \u00e9vtizedes tapasztalattal v\u00e1llaljuk filmfesztiv\u00e1lok: Vet\u00edt\u00e9si jogok, licenszek, kulcsok menedzsel\u00e9se, kapcsolattart\u00e1s a k\u00fclf\u00f6ldi forgalmaz\u00f3kkal:Megszerezz\u00fck a filmek vet\u00edt\u00e9si jog\u00e1t a [&hellip;]<\/p>\n","protected":false},"author":1,"featured_media":0,"parent":0,"menu_order":0,"comment_status":"closed","ping_status":"closed","template":"page-templates\/page-full-width.php","meta":{"footnotes":""},"class_list":["post-116","page","type-page","status-publish","hentry"],"_links":{"self":[{"href":"https:\/\/cinefort.hu\/index.php\/wp-json\/wp\/v2\/pages\/116","targetHints":{"allow":["GET"]}}],"collection":[{"href":"https:\/\/cinefort.hu\/index.php\/wp-json\/wp\/v2\/pages"}],"about":[{"href":"https:\/\/cinefort.hu\/index.php\/wp-json\/wp\/v2\/types\/page"}],"author":[{"embeddable":true,"href":"https:\/\/cinefort.hu\/index.php\/wp-json\/wp\/v2\/users\/1"}],"replies":[{"embeddable":true,"href":"https:\/\/cinefort.hu\/index.php\/wp-json\/wp\/v2\/comments?post=116"}],"version-history":[{"count":3,"href":"https:\/\/cinefort.hu\/index.php\/wp-json\/wp\/v2\/pages\/116\/revisions"}],"predecessor-version":[{"id":873,"href":"https:\/\/cinefort.hu\/index.php\/wp-json\/wp\/v2\/pages\/116\/revisions\/873"}],"wp:attachment":[{"href":"https:\/\/cinefort.hu\/index.php\/wp-json\/wp\/v2\/media?parent=116"}],"curies":[{"name":"wp","href":"https:\/\/api.w.org\/{rel}","templated":true}]}}

Filmfesztiváloknak

<p>Egy filmfesztivált tető alá hozni mindig kihívás,<br>mind a szervezők, mint a lebonyolítók részéről.</p>



<p>Szeretnénk figyelmükbe ajánlani cégünk sokszínű szolgáltatásait, amely a tervezéstől a kivitelezésig lehet az Ön, és a fesztiválban részt vevő munkatársai segítségére.</p>



<p>Több mint egy évtizedes tapasztalattal vállaljuk filmfesztiválok:</p>



<ul class="wp-block-list">
<li>vetítési jogainak beszerzését,</li>



<li>a szükséges vetítési kópiák beszerzését,</li>



<li>a vetítési anyagok nyelvi lokalizációját,</li>



<li>a kész vetítőkópiák eljuttatását a fesztiválok helyszínére.</li>
</ul>



<p>Vetítési jogok, licenszek, kulcsok menedzselése, kapcsolattartás a külföldi forgalmazókkal:<br>Megszerezzük a filmek vetítési jogát a külföldi forgalmazótól, a megrendelővel egyeztetve megállapodást kötünk a vetítési jogok díjáról és a vetítési jogok kondíciójáról.</p>



<p>Vetítési kópiák beszerzése:<br>Megszerezzük a film vetítési kópiáját, és a nyelvi lokalizációhoz szükséges segédanyagokat (DKDM kulcs, szövegkönyvek, megtekintő).</p>



<p>Kópiák nyelvi lokalizációja:<br>Elismert, professzionális fordítóink segítségével igényes fordításokat készítünk angol, német, spanyol, katalán, francia, nyelvről, amelyet úgy szerkesztünk felirattá, hogy a szöveg érthetősége, értelmezhetősége maradéktalanul érvényesülni tudjon.<br>Vállaljuk többszintű, többnyelvű, többszínű feliratok elkészítését is. Szükség esetén szakmai-, és anyanyelvi lektorálást is vállalunk.</p>



<p>Speciálisan halláskárosultaknak készített feliratozásban is nagy tapasztalattal rendelkezünk, ezek elkészítéséhez érintett szakértők közreműködését is igénybe tudjuk venni.</p>



<p>Kópiák e-logisztikája:<br>Saját CineTransfer szolgáltatásunk mellett több digitális e-delivery platformmal állunk szerződésben,<br>így az elkészült fesztiválkópiát a vetítési helyszín igénye, és felszereltsége szerint kapja készhez.</p>



<p>Ha felkeltették érdeklődését szolgáltatásaink, <a href="https://cinefort.hu/index.php/kapcsolat/" data-type="page" data-id="262">kérjük vegye fel velünk a kapcsolatot!</a></p>



<p></p>



<p></p>

<p>Egy filmfesztivált tető alá hozni mindig kihívás,mind a szervezők, mint a lebonyolítók részéről. Szeretnénk figyelmükbe ajánlani cégünk sokszínű szolgáltatásait, amely a tervezéstől a kivitelezésig lehet az Ön, és a fesztiválban részt vevő munkatársai segítségére. Több mint egy évtizedes tapasztalattal vállaljuk filmfesztiválok: Vetítési jogok, licenszek, kulcsok menedzselése, kapcsolattartás a külföldi forgalmazókkal:Megszerezzük a filmek vetítési jogát a [&hellip;]</p>
