



{"id":108,"date":"2024-01-25T11:59:34","date_gmt":"2024-01-25T11:59:34","guid":{"rendered":"http:\/\/new.cinefort.hu\/?page_id=108"},"modified":"2024-04-29T16:28:53","modified_gmt":"2024-04-29T15:28:53","slug":"dcp-labor","status":"publish","type":"page","link":"https:\/\/cinefort.hu\/index.php\/dcp-labor\/","title":{"rendered":"DCP labor"},"content":{"rendered":"\n<p>A DCP (Digital Cinema Package, digit\u00e1lis mozik\u00f3pia) f\u00e1jlok gy\u0171jtem\u00e9nye, mely mozg\u00f3k\u00e9p, hangok \u00e9s adatfolyamok t\u00e1rol\u00e1s\u00e1ra \u00e9s vet\u00edt\u0151helyre t\u00f6rt\u00e9n\u0151 sz\u00e1ll\u00edt\u00e1sra alkalmas. A vil\u00e1g \u00f6sszes mozij\u00e1ban ez a  k\u00f6telez\u0151en elfogadott form\u00e1tum.<\/p>\n\n\n\n<p>A form\u00e1tumot a Digital Cinema Initiatives vezette be, hogy digit\u00e1lis mozi tartalmakat t\u00e1roljon. Ezzel a form\u00e1tummal tulajdonk\u00e9ppen vissza lehet adni egy 35 mm-es film \u00e9lm\u00e9ny\u00e9t, s\u0151t, lehet, hogy jobb min\u0151s\u00e9get kapunk vissza. <\/p>\n\n\n\n<p>A form\u00e1tum t\u00f6bb gigab\u00e1jtos MXF f\u00e1jlokb\u00f3l (Material eXchange Format) \u00e9s index f\u00e1jlokb\u00f3l \u00e1ll. A DCP csomagon bel\u00fcl k\u00e9t MXF f\u00e1jllal tal\u00e1lkozhatunk, egyikben a k\u00e9p, m\u00e1sikban a hang ker\u00fcl t\u00e1rol\u00e1sra, az index f\u00e1jlokban pedig a film c\u00edm\u00e9re, hossz\u00e1ra, tartalm\u00e1ra k\u00f6vetkeztethet a digit\u00e1lis vet\u00edt\u0151. <\/p>\n\n\n\n<p>Az MXF f\u00e1jl JPEG2000 f\u00e1jlokb\u00f3l \u00e1ll, melyet egyenk\u00e9nt export\u00e1lnak ki a k\u00e9sz filmb\u0151l (minden .j2c f\u00e1jl egy k\u00e9pkocka). A hang line\u00e1ris PCM form\u00e1tum\u00fa.<\/p>\n\n\n\n<p>C\u00e9g\u00fcnk 2010 \u00f3ta foglalkozik DCP k\u00f3pi\u00e1k gy\u00e1rt\u00e1s\u00e1val \u00e9s ut\u00f3munk\u00e1j\u00e1val.<\/p>\n\n\n\n<p>V\u00e1llaljuk a DCI szabv\u00e1ny szerinti digit\u00e1lis mozik\u00f3pi\u00e1k el\u0151\u00e1ll\u00edt\u00e1s\u00e1t r\u00f6vid hat\u00e1rid\u0151vel, k\u00fcl\u00f6nf\u00e9le videoform\u00e1tumokb\u00f3l, valamint DCP k\u00f3pi\u00e1k teljes k\u00f6r\u0171 ut\u00f3munk\u00e1latait, DCP forr\u00e1s\u00fa anyagok videokonverzi\u00f3j\u00e1t, DCP-k en- \u00e9s decrypt\u00e1l\u00e1s\u00e1t, a k\u00e9sz anyagok sokszoros\u00edt\u00e1s\u00e1t, logisztik\u00e1j\u00e1t, terjeszt\u00e9s\u00e9t.<\/p>\n\n\n\n<p>A kereskedelemben kaphat\u00f3 szoftverek nem helyettes\u00edtik azt a sok\u00e9ves szakmai tapasztalatot, amellyel c\u00e9g\u00fcnk rendelkezik, \u00e9s ami garancia arra, hogy k\u00f3pi\u00e1nk b\u00e1rmely vet\u00edt\u00e9si helysz\u00ednen megelel\u0151en m\u0171k\u00f6dj\u00f6n.<\/p>\n\n\n\n<p>Ha \u00d6nnek fontos a k\u00f3pia vet\u00edt\u00e9si min\u0151s\u00e9ge, sok helyen vet\u00edten\u00e9, nincs tapasztalata, ideje, er\u0151forr\u00e1sa a k\u00f3pi\u00e1k el\u0151\u00e1ll\u00edt\u00e1s\u00e1hoz, <a href=\"https:\/\/cinefort.hu\/index.php\/araink\/\" data-type=\"page\" data-id=\"668\">v\u00e1lasszon minket.<\/a><\/p>\n\n\n\n<p><\/p>\n","protected":false},"excerpt":{"rendered":"<p>A DCP (Digital Cinema Package, digit\u00e1lis mozik\u00f3pia) f\u00e1jlok gy\u0171jtem\u00e9nye, mely mozg\u00f3k\u00e9p, hangok \u00e9s adatfolyamok t\u00e1rol\u00e1s\u00e1ra \u00e9s vet\u00edt\u0151helyre t\u00f6rt\u00e9n\u0151 sz\u00e1ll\u00edt\u00e1sra alkalmas. A vil\u00e1g \u00f6sszes mozij\u00e1ban ez a k\u00f6telez\u0151en elfogadott form\u00e1tum. A form\u00e1tumot a Digital Cinema Initiatives vezette be, hogy digit\u00e1lis mozi tartalmakat t\u00e1roljon. Ezzel a form\u00e1tummal tulajdonk\u00e9ppen vissza lehet adni egy 35 mm-es film \u00e9lm\u00e9ny\u00e9t, s\u0151t, [&hellip;]<\/p>\n","protected":false},"author":1,"featured_media":0,"parent":0,"menu_order":0,"comment_status":"closed","ping_status":"closed","template":"page-templates\/page-full-width.php","meta":{"footnotes":""},"class_list":["post-108","page","type-page","status-publish","hentry"],"_links":{"self":[{"href":"https:\/\/cinefort.hu\/index.php\/wp-json\/wp\/v2\/pages\/108","targetHints":{"allow":["GET"]}}],"collection":[{"href":"https:\/\/cinefort.hu\/index.php\/wp-json\/wp\/v2\/pages"}],"about":[{"href":"https:\/\/cinefort.hu\/index.php\/wp-json\/wp\/v2\/types\/page"}],"author":[{"embeddable":true,"href":"https:\/\/cinefort.hu\/index.php\/wp-json\/wp\/v2\/users\/1"}],"replies":[{"embeddable":true,"href":"https:\/\/cinefort.hu\/index.php\/wp-json\/wp\/v2\/comments?post=108"}],"version-history":[{"count":5,"href":"https:\/\/cinefort.hu\/index.php\/wp-json\/wp\/v2\/pages\/108\/revisions"}],"predecessor-version":[{"id":867,"href":"https:\/\/cinefort.hu\/index.php\/wp-json\/wp\/v2\/pages\/108\/revisions\/867"}],"wp:attachment":[{"href":"https:\/\/cinefort.hu\/index.php\/wp-json\/wp\/v2\/media?parent=108"}],"curies":[{"name":"wp","href":"https:\/\/api.w.org\/{rel}","templated":true}]}}